{"id":7,"date":"2023-11-07T21:00:15","date_gmt":"2023-11-07T21:00:15","guid":{"rendered":"https:\/\/jc24.ch\/?page_id=7"},"modified":"2024-10-14T20:42:11","modified_gmt":"2024-10-14T20:42:11","slug":"willkommen","status":"publish","type":"page","link":"https:\/\/jc24.ch\/","title":{"rendered":"Willkommen im Sense Oberland"},"content":{"rendered":"\n<p class=\"wp-block-paragraph\"><strong>Fotos Harzer-Staffel und Jugendcup Staffel, 14.09.2024:<a href=\"https:\/\/www.flickr.com\/photos\/132068022@N05\/albums\/72177720320348007\" target=\"_blank\" rel=\"noreferrer noopener\"> Katrin Remund Schnyder<\/a><\/strong> &#8211; <strong><a href=\"https:\/\/onedrive.live.com\/?redeem=aHR0cHM6Ly8xZHJ2Lm1zL2YvYy9mMWUxN2NmY2FlYTIwZjNhL0VrQ3UtSGFENk90R29uSGNWYk94U0hvQnNVUW52bG1haFM2aXF6ZzV6TnNpM2c%5FZT1zQ2ZhdFo&amp;id=F1E17CFCAEA20F3A%21sde78000751e549f6969bc367584b7d50&amp;cid=F1E17CFCAEA20F3A\" data-type=\"link\" data-id=\"https:\/\/onedrive.live.com\/?redeem=aHR0cHM6Ly8xZHJ2Lm1zL2YvYy9mMWUxN2NmY2FlYTIwZjNhL0VrQ3UtSGFENk90R29uSGNWYk94U0hvQnNVUW52bG1haFM2aXF6ZzV6TnNpM2c%5FZT1zQ2ZhdFo&amp;id=F1E17CFCAEA20F3A%21sde78000751e549f6969bc367584b7d50&amp;cid=F1E17CFCAEA20F3A\" target=\"_blank\" rel=\"noreferrer noopener\">Loriane Schafer<\/a><\/strong><br><strong>Fotos CO du CA Ros\u00e9 und Jugendcup Einzel, 15.09.2024:<\/strong> <a href=\"https:\/\/www.flickr.com\/photos\/132068022@N05\/albums\/72177720320343357\" target=\"_blank\" rel=\"noreferrer noopener\"><strong>Katrin Remund Schnyder<\/strong><\/a><strong> &#8211; <a href=\"https:\/\/onedrive.live.com\/?redeem=aHR0cHM6Ly8xZHJ2Lm1zL2YvYy9mMWUxN2NmY2FlYTIwZjNhL0VrQ3UtSGFENk90R29uSGNWYk94U0hvQnNVUW52bG1haFM2aXF6ZzV6TnNpM2c%5FZT1zQ2ZhdFo&amp;id=F1E17CFCAEA20F3A%21s37c919c52e404c4d8cfe0024f08f8106&amp;cid=F1E17CFCAEA20F3A\" data-type=\"link\" data-id=\"https:\/\/onedrive.live.com\/?redeem=aHR0cHM6Ly8xZHJ2Lm1zL2YvYy9mMWUxN2NmY2FlYTIwZjNhL0VrQ3UtSGFENk90R29uSGNWYk94U0hvQnNVUW52bG1haFM2aXF6ZzV6TnNpM2c%5FZT1zQ2ZhdFo&amp;id=F1E17CFCAEA20F3A%21s37c919c52e404c4d8cfe0024f08f8106&amp;cid=F1E17CFCAEA20F3A\" target=\"_blank\" rel=\"noreferrer noopener\">Loriane Schafer<\/a><\/strong><br><a href=\"https:\/\/jc24.ch\/wp-content\/uploads\/2024\/09\/Fundgegenstaende.jpg\" target=\"_blank\" rel=\"noreferrer noopener\"><strong>Fundgegenst\u00e4nde <\/strong><\/a><strong>melden bei <a href=\"mailto:schnyder@nouvelleforet.ch\">schnyder@nouvelleforet.ch <\/a><\/strong><\/p>\n\n\n\n<div class=\"wp-block-columns is-layout-flex wp-container-core-columns-is-layout-8f761849 wp-block-columns-is-layout-flex\">\n<div class=\"wp-block-column is-layout-flow wp-block-column-is-layout-flow\" style=\"flex-basis:100%\">\n<p class=\"wp-block-paragraph\">Der OLC Omstr\u00f6m Sense und der CA Ros\u00e9 begr\u00fcssen Euch zu einem interessanten OL-Wochenende im Sense Oberland, genauer im Muscherenschlund auf dem Sch\u00f6nenboden und der Geissalp.<\/p>\n\n\n\n<p class=\"wp-block-paragraph\">Das voralpine Laufgel\u00e4nde befindet sich auf 1\u2019500 m \u00fc. M. Es besteht aus mehreren Gel\u00e4ndekammern unterschiedlichen Charakters. Offene Alpweiden und Waldst\u00fccke wechseln sich ab. Die Geissalp ist gepr\u00e4gt von Karstformationen wie Dolinen. Der Hohberg im Norden ist von Flachmooren und zahlreichen Wasserl\u00e4ufen durchzogen. Das Gel\u00e4nde ist kartentechnisch und physisch anspruchsvoll.<\/p>\n\n\n\n<h2 class=\"wp-block-heading\">Programm<\/h2>\n\n\n\n<p class=\"wp-block-paragraph\"><strong>Samstag, 14.09.2023<br><\/strong>Staffel Jugend-Cup (f\u00fcr regionale Nachwuchskader) und <br>34. Harzer-Staffel (offen f\u00fcr alle)<\/p>\n\n\n\n<p class=\"wp-block-paragraph\"><strong>Sonntag, 15.09.2023 <\/strong><br>Einzel Jugend-Cup (f\u00fcr regionale Nachwuchskader) integriert im <br>64. OL des CA Ros\u00e9(*) (offen f\u00fcr alle)<\/p>\n\n\n\n<p class=\"wp-block-paragraph\"><a href=\"https:\/\/jc24.ch\/?page_id=61\" data-type=\"page\" data-id=\"61\">Alle Infos finden sich hier.<\/a><\/p>\n\n\n\n<p class=\"wp-block-paragraph\"><\/p>\n<\/div>\n<\/div>\n","protected":false},"excerpt":{"rendered":"<p>Fotos Harzer-Staffel und Jugendcup Staffel, 14.09.2024: Katrin Remund Schnyder &#8211; Loriane SchaferFotos CO du CA Ros\u00e9 und Jugendcup Einzel, 15.09.2024: Katrin Remund Schnyder &#8211; Loriane &hellip; <\/p>\n","protected":false},"author":1,"featured_media":0,"parent":0,"menu_order":0,"comment_status":"closed","ping_status":"closed","template":"","meta":{"footnotes":""},"class_list":["post-7","page","type-page","status-publish","hentry"],"_links":{"self":[{"href":"https:\/\/jc24.ch\/index.php?rest_route=\/wp\/v2\/pages\/7","targetHints":{"allow":["GET"]}}],"collection":[{"href":"https:\/\/jc24.ch\/index.php?rest_route=\/wp\/v2\/pages"}],"about":[{"href":"https:\/\/jc24.ch\/index.php?rest_route=\/wp\/v2\/types\/page"}],"author":[{"embeddable":true,"href":"https:\/\/jc24.ch\/index.php?rest_route=\/wp\/v2\/users\/1"}],"replies":[{"embeddable":true,"href":"https:\/\/jc24.ch\/index.php?rest_route=%2Fwp%2Fv2%2Fcomments&post=7"}],"version-history":[{"count":103,"href":"https:\/\/jc24.ch\/index.php?rest_route=\/wp\/v2\/pages\/7\/revisions"}],"predecessor-version":[{"id":532,"href":"https:\/\/jc24.ch\/index.php?rest_route=\/wp\/v2\/pages\/7\/revisions\/532"}],"wp:attachment":[{"href":"https:\/\/jc24.ch\/index.php?rest_route=%2Fwp%2Fv2%2Fmedia&parent=7"}],"curies":[{"name":"wp","href":"https:\/\/api.w.org\/{rel}","templated":true}]}}

<p class="wp-block-paragraph"><strong>Fotos Harzer-Staffel und Jugendcup Staffel, 14.09.2024:<a href="https://www.flickr.com/photos/132068022@N05/albums/72177720320348007" target="_blank" rel="noreferrer noopener"> Katrin Remund Schnyder</a></strong> &#8211; <strong><a href="https://onedrive.live.com/?redeem=aHR0cHM6Ly8xZHJ2Lm1zL2YvYy9mMWUxN2NmY2FlYTIwZjNhL0VrQ3UtSGFENk90R29uSGNWYk94U0hvQnNVUW52bG1haFM2aXF6ZzV6TnNpM2c%5FZT1zQ2ZhdFo&amp;id=F1E17CFCAEA20F3A%21sde78000751e549f6969bc367584b7d50&amp;cid=F1E17CFCAEA20F3A" data-type="link" data-id="https://onedrive.live.com/?redeem=aHR0cHM6Ly8xZHJ2Lm1zL2YvYy9mMWUxN2NmY2FlYTIwZjNhL0VrQ3UtSGFENk90R29uSGNWYk94U0hvQnNVUW52bG1haFM2aXF6ZzV6TnNpM2c%5FZT1zQ2ZhdFo&amp;id=F1E17CFCAEA20F3A%21sde78000751e549f6969bc367584b7d50&amp;cid=F1E17CFCAEA20F3A" target="_blank" rel="noreferrer noopener">Loriane Schafer</a></strong><br><strong>Fotos CO du CA Rosé und Jugendcup Einzel, 15.09.2024:</strong> <a href="https://www.flickr.com/photos/132068022@N05/albums/72177720320343357" target="_blank" rel="noreferrer noopener"><strong>Katrin Remund Schnyder</strong></a><strong> &#8211; <a href="https://onedrive.live.com/?redeem=aHR0cHM6Ly8xZHJ2Lm1zL2YvYy9mMWUxN2NmY2FlYTIwZjNhL0VrQ3UtSGFENk90R29uSGNWYk94U0hvQnNVUW52bG1haFM2aXF6ZzV6TnNpM2c%5FZT1zQ2ZhdFo&amp;id=F1E17CFCAEA20F3A%21s37c919c52e404c4d8cfe0024f08f8106&amp;cid=F1E17CFCAEA20F3A" data-type="link" data-id="https://onedrive.live.com/?redeem=aHR0cHM6Ly8xZHJ2Lm1zL2YvYy9mMWUxN2NmY2FlYTIwZjNhL0VrQ3UtSGFENk90R29uSGNWYk94U0hvQnNVUW52bG1haFM2aXF6ZzV6TnNpM2c%5FZT1zQ2ZhdFo&amp;id=F1E17CFCAEA20F3A%21s37c919c52e404c4d8cfe0024f08f8106&amp;cid=F1E17CFCAEA20F3A" target="_blank" rel="noreferrer noopener">Loriane Schafer</a></strong><br><a href="https://jc24.ch/wp-content/uploads/2024/09/Fundgegenstaende.jpg" target="_blank" rel="noreferrer noopener"><strong>Fundgegenstände </strong></a><strong>melden bei <a href="mailto:schnyder@nouvelleforet.ch">schnyder@nouvelleforet.ch </a></strong></p>



<div class="wp-block-columns is-layout-flex wp-container-core-columns-is-layout-8f761849 wp-block-columns-is-layout-flex">
<div class="wp-block-column is-layout-flow wp-block-column-is-layout-flow" style="flex-basis:100%">
<p class="wp-block-paragraph">Der OLC Omström Sense und der CA Rosé begrüssen Euch zu einem interessanten OL-Wochenende im Sense Oberland, genauer im Muscherenschlund auf dem Schönenboden und der Geissalp.</p>



<p class="wp-block-paragraph">Das voralpine Laufgelände befindet sich auf 1’500 m ü. M. Es besteht aus mehreren Geländekammern unterschiedlichen Charakters. Offene Alpweiden und Waldstücke wechseln sich ab. Die Geissalp ist geprägt von Karstformationen wie Dolinen. Der Hohberg im Norden ist von Flachmooren und zahlreichen Wasserläufen durchzogen. Das Gelände ist kartentechnisch und physisch anspruchsvoll.</p>



<h2 class="wp-block-heading">Programm</h2>



<p class="wp-block-paragraph"><strong>Samstag, 14.09.2023<br></strong>Staffel Jugend-Cup (für regionale Nachwuchskader) und <br>34. Harzer-Staffel (offen für alle)</p>



<p class="wp-block-paragraph"><strong>Sonntag, 15.09.2023 </strong><br>Einzel Jugend-Cup (für regionale Nachwuchskader) integriert im <br>64. OL des CA Rosé(*) (offen für alle)</p>



<p class="wp-block-paragraph"><a href="https://jc24.ch/?page_id=61" data-type="page" data-id="61">Alle Infos finden sich hier.</a></p>



<p class="wp-block-paragraph"></p>
</div>
</div>

<p>Fotos Harzer-Staffel und Jugendcup Staffel, 14.09.2024: Katrin Remund Schnyder &#8211; Loriane SchaferFotos CO du CA Rosé und Jugendcup Einzel, 15.09.2024: Katrin Remund Schnyder &#8211; Loriane &hellip; </p>
